Let b(l) = 59*l - 22. Is b(m) composite?
True
Let x be ((-4)/6)/(1/(63/6)). Let q(w) = w**2 + 5*w - 11. Let m be q(x). Suppose -t = -m*t + 1982. Is t composite?
False
Let i(h) = -h**3 - 4 - 1 + 1 + 0 - 8*h**2. Let r be i(-8). Is (-7)/(-14) - (-10)/r - -823 composite?
False
Suppose 0 = -124*f + 181*f - 781413. Is f composite?
False
Let t(x) = 8*x + 1. Let o be t(-1). Let d = -4 - o. Suppose 4*y = d*y + 307. Is y a composite number?
False
Suppose 5*p - 5*c - 45 = 0, -2*c = -p + 3 + 5. Suppose 0 = p*g + 2*g - 133188. Is g prime?
False
Let a be ((-40)/(-16))/(1/2). Suppose 0 = m - a*p - 3102, -6*m + 3*m + 9246 = 5*p. Suppose o + 1129 = -5*q + m, -1570 = -4*q - 2*o. Is q a prime number?
False
Suppose 2*v = 4*t + 55464 + 19398, -3*v + 112318 = -t. Is v a composite number?
False
Is 4813758/(-12)*-10*15/225 prime?
True
Let d = -55 - -56. Let c(x) = 17459*x**2 - x + 1. Let p be c(d). Suppose -p = 9*w - 26*w. Is w composite?
True
Let h be ((-6)/(-1))/((-26)/(-104)). Suppose -w - h = -9*w. Suppose 1257 = -w*o + 6*o. Is o composite?
False
Let c(g) = -18*g + 60. Let z be c(-4). Let a = 263 - z. Is a composite?
False
Let y = 43 + -35. Let h be (1/2)/(y/128). Is 1 + 1 + (1015 - h) a prime number?
True
Let t = -23 - -21. Let q(i) = 68*i**3 + 4*i**2 - 2. Let p(b) = b**3 - b**2 + 1. Let x(y) = -3*p(y) - q(y). Is x(t) a prime number?
True
Suppose 40*a - 915803 = -3*m + 42*a, 7*m - 2136867 = -2*a. Is m composite?
False
Let x(s) = -s**3 + 2*s**2 + s. Let t be x(-1). Suppose t*k + q - 5*q = 5992, -3*k + 2*q = -8984. Suppose 19*b = 16*b + k. Is b prime?
False
Suppose 4*f - 36469 = 3223. Let c = 16428 - f. Is c prime?
False
Let v = -2265748 + 4401809. Is v composite?
False
Let h be -6 - -2788 - 4 - 5. Suppose -14*i = -h - 24849. Is i a prime number?
True
Let l = -7242 - -7244. Suppose 2*t - c - 8 = 0, 2*c = -t - 2*c + 4. Suppose l*b + 2*j + 1895 = 5*b, -t*j = -b + 635. Is b a prime number?
True
Suppose -11*z + 22*z + 14971 = 0. Let u = -454 - z. Is u composite?
False
Suppose 0 = 2*t - 8, -3*t + 32308 - 11634 = l. Suppose 27086 = 12*i - l. Is i a composite number?
True
Let l be 64/12*126/8. Let r = l + 2065. Is r prime?
False
Let f(n) = 11855*n**3 - n**2 - 3*n - 1. Let l be f(-1). Is 7/((-14)/l) + -4 a composite number?
False
Suppose -2*t - 24 = -5*b + 7, -4*t - 22 = -2*b. Suppose -3*v + 3 = 0, -6*a - v = -b*a - 1338. Is a composite?
True
Let q(o) = 180*o**2 + 8*o + 199. Is q(-11) composite?
True
Let d(t) = -7*t - 14. Let b(j) = 20*j + 42. Let r(z) = 6*b(z) + 17*d(z). Let i be r(-10). Is 519 + (-7)/((-14)/i) composite?
False
Suppose 5250 = 5*p - 0*p. Suppose 5*f + 0 = 3*a - 1020, -3*a - 5*f + p = 0. Let z = a + -204. Is z a prime number?
False
Let u(t) = 7*t - 17. Let w(y) = 20*y - 50. Let k(b) = 8*u(b) - 3*w(b). Let c be k(2). Is 745 + (c/15)/((-3)/15) a prime number?
True
Let w(t) = -t**2 + 18*t - 21. Let a be w(15). Let n(j) = 2 + 155*j - a + 8. Is n(3) prime?
False
Let a(u) = 738*u - 5. Let c be (-36)/84 - (-3)/((-42)/(-104)). Let n be a(c). Suppose 2*p + 719 = n. Is p prime?
True
Suppose 4*l = 2*i - 8, 5*l + 8 = -i - 2. Suppose 4*p + i*p = 88. Suppose 20*c + 794 = p*c. Is c a prime number?
True
Is ((-3)/5)/(24/(-1524280)) prime?
False
Suppose 0 = 2*w - 6 + 14. Is (2/w)/(1/(-1884)*2) a prime number?
False
Let w(f) = 2*f**2 - 21*f - 54. Let g be w(12). Is 1/3 + (-409224)/g prime?
False
Let o = 32158 - 10865. Is o composite?
True
Let g(y) = 159*y**3 + 3*y**2 + 3*y. Let a be g(4). Suppose 18*i - 21*i + d - 15270 = 0, 4*d = 4*i + 20368. Let u = a + i. Is u a prime number?
True
Let i(k) = -1014*k - 2093. Is i(-9) a prime number?
False
Let m(i) = -11*i - 136. Let n be m(-10). Is (400 - -1)/(n/(-182)) composite?
True
Let g(k) = -k**3 - 8*k**2 - 6*k + 189. Is g(-34) composite?
False
Suppose 0 = 3*b - b - 3192. Let i(f) = -f**3 - 20*f**2 - 98*f + 19. Let r be i(-11). Suppose r*w + 340 - b = 0. Is w prime?
True
Let s be (-1185)/(9*6/72). Let y = s - -2821. Is y a composite number?
True
Let n = 8 - 27. Let j = n - -21. Is 332 + (-3)/3 - j composite?
True
Let t be (4 - (-2 - -2))*1/4. Let d be -24*(1*(-1)/2 + t). Is (166/6)/(-4*1/d) a prime number?
True
Suppose 3363795 = 20*c + 880375. Is c composite?
False
Let n(y) = -2*y**2 - 18*y + 22. Let r be n(-11). Let g = -31110 - -51979. Is ((-24)/r)/(-6) + g/11 a composite number?
True
Is (-5)/(-9) - 1153775016/(-2916) a prime number?
True
Suppose h - 65 = -64. Let p be h + 1 + 2 + -3. Is (147 - p) + (-30)/(-10) a prime number?
True
Suppose -o = 237 + 475. Let t = o - -482. Let m = 483 + t. Is m a prime number?
False
Suppose -n - 3*k + 716 = 0, -2*k - 848 = -5*n + 2800. Let u be (n/2)/(-3*(-6)/36). Let g = u - 66. Is g prime?
False
Is 8 + (379877 - 144/6) a composite number?
True
Let v(d) = 3*d**2 + 4*d + 5. Let t be v(-3). Suppose -11*j + 7*j = t. Is 11/(2/((-130)/j)) prime?
False
Suppose 0 = -3*p - 5*u + 17, -p + u - 72 + 67 = 0. Is (p/(-1))/(41/54079) a composite number?
False
Suppose 17633 = m + 4*t, -5*t + 0*t = 4*m - 70598. Is m composite?
False
Let m(s) = -176*s - 39. Let y(v) = 178*v + 40. Let i(f) = 3*m(f) + 4*y(f). Is i(2) composite?
True
Suppose -49*t - 71640 = -67*t. Let u = 8515 - t. Is u a composite number?
True
Is (-29489661)/(-20) + 21/(-420) a composite number?
True
Suppose -5*h = -2*q + 2, -q = -5*q + 4. Suppose 4*x + 15*w = 18*w + 11459, -2*w + 6 = h. Is x a prime number?
False
Suppose o - 5*g - 18 = 12, -2*o - 3*g - 5 = 0. Suppose -3*r + r + 3*s + 41566 = 0, o*r - 103949 = -s. Is r a composite number?
False
Let b be ((-3)/(-1) - -1)/(-2). Let m be 2 - -1*4/b. Suppose -5*p + m*p = -9005. Is p a composite number?
False
Let c(x) = -123957*x - 86. Is c(-1) a composite number?
True
Suppose 56372 - 8801 = 3*a + v, 2*a - 31712 = -v. Is a a composite number?
False
Suppose -3*l + 8898 + 3305 = 5*q, 0 = -2*q + 3*l + 4898. Is q a prime number?
False
Let i = -1264 - -28877. Is i a prime number?
False
Let b be 459/135 + (-6)/15. Suppose 0*t + 4*a - 18123 = -3*t, -18096 = -b*t + 5*a. Is t composite?
False
Let v(a) = -95*a**3 + 7*a**2 + 2*a + 4. Let n be v(-11). Suppose 6*p = 20*p - n. Is p a composite number?
False
Suppose 2*p - w = 121, 0 = -3*w + 5 + 4. Let i be 1 + (-4 - 1) - (55 - p). Is 5/((-30)/(-2367)) - i/(-6) composite?
True
Let h = 1598 - 3271. Let p = h + -1048. Is (3*p/(-18))/((-5)/(-10)) a prime number?
True
Let q = -371 + 375. Suppose q*g - 3*v - 89626 = 0, -2*g - 4*v + 23506 + 21296 = 0. Is g a prime number?
False
Suppose -6*g + 44354 = -o - g, -o - 44330 = g. Let y = o - -63367. Is y a prime number?
False
Suppose 0 = -200*m + 201*m - 660793. Is m prime?
False
Suppose -h - 244766 = -4*b, -b - 4*h + 35694 + 25523 = 0. Is b prime?
False
Let j be -229*20 - (11 + -7). Let c = -2695 - j. Is c a prime number?
True
Suppose -4*h - 4*a = 16, -5*h + 0*a - 3*a - 22 = 0. Let b(w) be the first derivative of -w**4/4 + w**3/3 + w**2/2 + 4*w - 790. Is b(h) a composite number?
False
Let w(l) = 16*l**3 + 75*l**2 + 106*l + 304. Let p(o) = -3*o**3 - 15*o**2 - 21*o - 61. Let h(q) = 11*p(q) + 2*w(q). Is h(-14) a composite number?
False
Suppose -4*o + 1938139 = 3*u, -5*u + 3571610 - 1148930 = 5*o. Is o prime?
True
Let p(v) = 3*v - 2. Let o be p(-1). Let m be (-6 - 39/o)*(5 + 0). Suppose -14*x + 3425 = -m*x. Is x a prime number?
False
Suppose 4*m + 6 = 2. Let i be 1/4 + 11265/12 + m. Suppose 0 = 4*a + 34 - i. Is a a composite number?
True
Let a(u) be the first derivative of 9*u**4/2 - 2*u**3/3 - 5*u**2/2 + 16*u - 203. Is a(3) prime?
False
Let o(m) = -17206*m + 565. Is o(-11) a prime number?
False
Let h be (8274/(-28))/(6/8). Let d be -1*22/4*26. Let l = d - h. Is l prime?
True
Let o(f) = -202*f**3 - 2*f**2 - 7*f - 11. Let q be o(-5). Let d = q + -17435. Is d a prime number?
True
Let w be -1 - (-2)/((-8)/(-12)). Suppose -2*f - 6 = -0, 0 = -w*m + 4*f + 6. Let s(i) = -509*i + 10. Is s(m) composite?
True
Suppose -3*t - 34*g + 30*g = -65959, 0 = -5*t + 5*g + 109990. Is t a composite number?
True
Let r = -252123 + 363040. Is r prime?
True
Suppose -230*g + 6676278 = -188*g. Is g a prime number?
True
Let m(r) = -r**2 - 21*r - 1. Let d be m(-13). Let w = 106 - d. Suppose -2*f = -4*o + w*f + 2352, -5*f + 2895 = 5*o. Is o composite?
True
Suppose 0 = -717*c + 687*c + 19360230. Is c prime?
False
Let s(a) = 2875*a**3 - 14*a**2 - 14*a + 77. Is s